Let a be b(-15). Calculate the highest common divisor of a and 1521.
9
Let v = 4555 - 4413. What is the highest common factor of v and 7455?
71
Let v(c) = -c + 90. Let a be v(39). Let d be 51/2*32/16. What is the highest common factor of d and a?
51
Let k = 5062 - 4012. What is the greatest common factor of k and 1350?
150
Suppose -p - 2*p = -6. Suppose 5*q + p*f = 10, 0 = 3*q + f + 3*f - 6. Let g = -366 + 382. What is the greatest common divisor of g and q?
2
Let s(q) = q**3 + 43*q**2 + 77*q - 99. Let p be s(-41). Suppose f = 4, -p = -2*u - 2*f - 58. What is the highest common factor of 45 and u?
5
Let t be (32/10)/((-8)/(-100)). Let n(l) = 441*l - 3739. Let a be n(9). Calculate the greatest common factor of a and t.
10
Suppose 24*h - 14*h = 2930. Suppose 116 = -a + 32. Let s = a + h. Calculate the greatest common divisor of s and 11.
11
Suppose -3*o + 21 = y - 2*y, -3*o = -2*y - 18. Let t(g) = 5*g**3 + 18*g**2 - 2*g + 1. Let h be t(-1). Calculate the highest common factor of h and o.
8
Suppose -2*i = 4*j - 2*j - 62, i = 3*j - 89. Calculate the highest common divisor of 4605 and j.
15
Suppose 4*o - 1490*a = -1489*a + 498, a + 129 = o. Let r(k) = k**3 - 2*k**2 + 4*k - 4. Let p be r(6). What is the greatest common factor of p and o?
41
Let m(p) = 5*p**3 - 6*p**2 + 9*p - 3. Let c be m(3). Suppose d = 3*f + 2*d - 138, 4*f = 2*d + 174. Calculate the greatest common factor of f and c.
15
Let v be -3 - ((-29)/6 - 1/6). Suppose -2 - v = -2*l, -5*l - 1010 = -4*k. Calculate the greatest common divisor of k and 170.
85
Let x(k) = 17*k**3 + 10*k - 84. Let w be x(6). Calculate the greatest common factor of 57 and w.
57
Suppose -13*f + 205 - 128 = -339. Calculate the highest common factor of f and 2424.
8
Suppose -3*m - 16 = -u - 15, 0 = 3*m - 3. What is the greatest common divisor of u and 1076?
4
Let v(t) = -26*t - 7 + 10*t - 4 + 13. Let f be v(-5). Suppose c + 8 = -3*c, y - 3*c = 47. Calculate the highest common factor of f and y.
41
Suppose 0*t - t - 10 = 0. Let a(b) be the first derivative of b**2 + 22*b - 1534. Let m be a(t). Calculate the highest common divisor of m and 2.
2
Let f be 6/2*(4/(-3) - -1). Let m be 22*((-14)/(-4) + f). Let o(c) = -c**2 + 6*c + 5. Let z be o(6). What is the greatest common factor of z and m?
5
Let n(u) = 2*u**2 + 5*u - 17. Let i be n(-6). Suppose -49*c - i = -54*c, 0 = 3*v + 5*c - 475. What is the highest common divisor of 125 and v?
25
Let q be 2061/24 - 7/(-56). Calculate the highest common factor of 8 and q.
2
Suppose 66*q - 84*q = -44 - 82. What is the greatest common factor of 9149 and q?
7
Let k = -2126 - -2619. What is the highest common factor of k and 377?
29
Let y(q) = 84*q - 4. Let x be y(1). Suppose -47*l = -48*l + x. Let n = -59 - -64. Calculate the greatest common divisor of l and n.
5
Let q(g) = g**2 + 19*g - 72. Let a be q(-25). Suppose 46*z + 76 = 3*n + 48*z, n - z = 27. What is the greatest common divisor of a and n?
26
Let o be (-1 + 2)*(162 + 1). Let v = 34 - 129. Let b = o + v. What is the highest common divisor of 17 and b?
17
Let c(q) = q**2 - 13*q - 39. Let r be c(17). Suppose 20*u + 360 = r*u. Calculate the greatest common factor of 32 and u.
8
Suppose 5*a + 598 = 18*a. Suppose -66 = -7*k + a. Let i(m) = 8*m + 24. Let p be i(k). What is the highest common divisor of p and 19?
19
Let t(h) = -6*h + 430. Let i be t(66). Let q(x) = x**3 - x - 1. Let f be q(5). Calculate the highest common factor of i and f.
17
Let b be 17 + -2 - (5 + -7). Suppose 5*g = 13 + b. Suppose 4*x - 6*x = -36. Calculate the highest common divisor of x and g.
6
Let c be 3 - (-6 - (-200)/30)/(4/(-654)). Calculate the highest common factor of c and 7952.
112
Let l = 1676 - 1568. Calculate the greatest common factor of 5364 and l.
36
Let m(b) = b**2 - 4*b - 17. Let v(p) = 27*p - 12 + 5 + p**2 - 39*p - 30. Let k be v(15). Let x be m(k). Calculate the greatest common divisor of x and 120.
15
Let l(x) = -x**3 + 8*x**2 - 10*x - 1. Let z be 0 + 32/5 + (-24)/60. Let r be l(z). What is the highest common factor of r and 11?
11
Let v(b) = b**2 + 14*b + 16. Let h be v(-13). Let a be 5/((-57)/(-18) - h - 0). Calculate the greatest common factor of 160 and a.
10
Suppose s + 3*v = 29235 + 1720, 154866 = 5*s + 2*v. What is the highest common divisor of s and 121?
121
Suppose 18*x - 42 = 4*x. Let k be (4 + 131)/x + -1. What is the greatest common factor of k and 4?
4
Let p(u) = -u + 79. Let j be p(17). Suppose j = 4*n - 10. Calculate the highest common factor of n and 54.
18
Let z be 27 + (-3*1 + (1 - -8) - 7). Calculate the greatest common divisor of z and 7319.
13
Let z = 93 + -68. Suppose -196 = -z*k + 29*k. Let r = k + 119. Calculate the highest common divisor of 10 and r.
10
Let g = -153 + 106. Let u be g/5*-1 - (-14)/(-35). What is the greatest common factor of u and 3?
3
Suppose 4*s - 60 = -2*u, 0 = -u + 2*s + s + 15. What is the highest common factor of u and 3594?
6
Let s be (-2)/(-4) - (-12856)/16. Suppose -u = 5*u - s. Let t = u + -82. What is the greatest common factor of t and 130?
26
Suppose -2*l + 3*r + 757 = 0, 4*l + 5*r - 718 = 785. Suppose 0 = 2*u - 3*x - 37, 2*x + 24 = 38. What is the highest common divisor of l and u?
29
Suppose -48*o + 224051 = -558882 - 260011. Calculate the highest common factor of o and 194.
194
Let s = -379 + 382. Let h be -12*2/20*(-5)/s. Calculate the greatest common divisor of h and 58.
2
Let s be 560*(-5)/(10/(-1)). Let r(c) = c**2 + 41*c - 30. Let y be r(-43). What is the greatest common factor of y and s?
56
Suppose -4*t + 3*t = 4*b - 376, -t = 2*b - 378. Calculate the greatest common factor of 30 and t.
10
Let x(b) = -b**3 - 9*b**2 - 78*b - 1431. Let j be x(-32). What is the greatest common factor of j and 239?
239
Let j = 11 - 6. Let n(l) = l**2 - l - 5. Let t be n(j). Let m(z) = -z**3 - 27*z**2 - 145*z - 234. Let g be m(-21). What is the highest common factor of t and g?
15
Let u = 98 + -94. Suppose -u*f - l + 1738 = 4*l, -f - l + 434 = 0. Calculate the highest common divisor of 54 and f.
54
Let d = -31 + 19. Suppose -w - 1645 = -1650. Let h be 225/(-30)*d/w. What is the highest common factor of 6 and h?
6
Suppose 2*u - 3*s - s = 832, -5*s = 5*u - 2020. Calculate the highest common factor of 384 and u.
24
Let i(k) = -3290*k - 6091. Let t be i(-12). What is the highest common divisor of 173 and t?
173
Let a = -6201 - -6230. What is the highest common divisor of a and 3538?
29
Let y = -58 - -63. Let q be -428*y/(-20) + -3. Suppose -5*b + 5*p = -70, -2*b + 5*b + 5*p - 34 = 0. What is the greatest common divisor of q and b?
13
Let s be ((-32)/(-24))/(2/540). Let n = -346 + s. Calculate the greatest common divisor of 77 and n.
7
Suppose -3*t + 6 = -t, 4*t - 16 = -4*c. Let m be c/3 + 750/(-9). Let q = m + 191. Calculate the greatest common divisor of q and 27.
27
Let x(b) = -462*b - 4132. Let q be x(-9). What is the greatest common factor of 41 and q?
1
Let l(x) = 170*x - 3. Let d be l(3). Let n be 388/5 + 40/100. Calculate the highest common divisor of d and n.
39
Suppose 5*p = 184 + 176. Let o be (94 + -86)*-4*(-3)/96. What is the greatest common divisor of o and p?
1
Suppose -11100 = -n - x, -16587 = -n + x - 5493. What is the greatest common divisor of n and 274?
137
Suppose -29931 = -36*n + 561. Calculate the highest common factor of n and 121.
121
Suppose 13 = -18*n + 103. Let d(q) = q**3 - 2*q**2 - 3*q - 40. Let p be d(n). Calculate the highest common factor of p and 250.
10
Suppose -2*a + 3*d = -124 - 26, -218 = -3*a + d. Suppose a*y + 108 = 73*y. Calculate the highest common divisor of y and 270.
54
Suppose 15*p - 100 = 11*p. Let a = -23 + p. Suppose 4*i + a*v - 11 = 37, i = -5*v - 6. What is the highest common factor of i and 112?
14
Let x(u) be the third derivative of 23*u**5/60 - u**3/3 + 2*u**2. Let j be x(2). Let a = -15046 + 15064. What is the highest common factor of a and j?
18
Let p(s) = -10*s**2 + 198*s + 16. Let o be p(19). Calculate the greatest common divisor of o and 456.
24
Suppose 2*x + 165 = 167, 5*z - 71 = 4*x. Let l(w) = -2*w - 3. Let a be l(-9). Calculate the highest common divisor of z and a.
15
Let k(d) = -d**3 + 4*d**2 + 5*d + 5. Let u be k(-2). Suppose -13*m = -u*m - 66. Let f be m - -15 - (-160)/2. Calculate the greatest common divisor of 21 and f.
21
Suppose l